ose 48 = 4*y - 44. Let r = 28 - y. What are the prime factors of j(r)?
2, 5
Let t be (-1 + 3)/(14/(-42)). Let z be (t/(-8))/(21/56). Suppose -3*x = -5*n + 19, -x - 2*x = -z*n + 4. What are the prime factors of n?
5
Suppose -2*t + 4968 = -2*x, 2*x + 10289 = 5*t - 2122. List the prime factors of t.
3, 827
Let a be (2/3)/(4/24). Suppose -c - c + 410 = 5*i, c - 328 = -a*i. Suppose -4*j = -14 - i. List the prime factors of j.
2, 3
Suppose -6*g = -557 - 313. Let k = -95 + g. List the prime factors of k.
2, 5
Let i = -132 + 28. Let k = 1 - i. List the prime factors of k.
3, 5, 7
Suppose -5*g - c + 466 = c, 0 = -4*g - c + 374. List the prime factors of g.
2, 47
Let a be 115/23 + 2/(-1). Let m = -5 + 8. Suppose -2*l + 98 = a*u, -2*l - u = -m*l + 39. List the prime factors of l.
43
Let s(k) be the second derivative of 4*k**3/3 - k**2/2 - k. Let r be s(-1). List the prime factors of (-9)/r*36/2.
2, 3
Suppose 2*t = -4*t + 5*p + 18805, -3*t - 4*p + 9370 = 0. What are the prime factors of t?
2, 5, 313
Let h(m) = -m. Let f be h(0). Let s = f - -3. Suppose 0 = 2*p - 3*c - 33, s*p + c - 6 = 49. List the prime factors of p.
2, 3
Let x be 824/52 - (-4)/26. Suppose -3*i - a + 10 = 0, 2*a - x = -5*i + i. Suppose 2*d = i*l + 8, -d - 2*l = -0 + 2. List the prime factors of d.
2
Let u(c) = 3*c**2 - 2*c - 2. Suppose -6 = -4*q + 2. Let n be u(q). What are the prime factors of ((-6)/(-5))/(n/20)?
2
Suppose -16*o = -5478 - 11914. What are the prime factors of o?
1087
Let s(x) = -x**3 + 17*x**2 - 31*x + 10. Let h be s(15). List the prime factors of (h + (-208)/(-12))*3.
37
Let p = -21 - -27. List the prime factors of 96 + p*6/(-9).
2, 23
Suppose z + 2*c = -z + 84, 5*z + c - 230 = 0. Let x = 49 - z. List the prime factors of x.
2
Let b be ((-102)/9)/((-4)/6). Let h be (-7 + 0)*(3 - 4). Let g = b + h. What are the prime factors of g?
2, 3
Suppose 3*b - 734 = 454. List the prime factors of b.
2, 3, 11
Let f(d) = d**2 - 2*d + 105. Let c = 26 - 26. What are the prime factors of f(c)?
3, 5, 7
Let s(v) = v**2 - 8*v - 11. Let k(x) = -2*x**2 - 7*x - 3. Let w(z) = -z**2 - 7*z - 4. Let h(j) = 2*k(j) - 3*w(j). Let f be h(6). List the prime factors of s(f).
37
Suppose 4*h - 55 = 9. Suppose -54 = -5*w - 0*a - a, 0 = 2*w - a - h. What are the prime factors of w?
2, 5
Let u = 35 - 88. Let f be (768/80)/((-3)/10). Let g = f - u. What are the prime factors of g?
3, 7
Let l(u) = 3*u**2 - u - 62. What are the prime factors of l(-9)?
2, 5, 19
List the prime factors of 7/((-5)/(-55) + 0).
7, 11
Let o(v) = -5*v**3 + 9*v**2 + 7*v + 2. Let f(d) = -4*d**3 + 9*d**2 + 7*d + 3. Let u(p) = 6*f(p) - 5*o(p). List the prime factors of u(-6).
2, 37
Let v(x) be the second derivative of x**4/4 + x**3/6 + 7*x. Let m(r) = -r. Let y be m(-2). List the prime factors of v(y).
2, 7
Let h(r) = -r**2 - 9*r + 4. Suppose 0 = 5*k - 3*k + 18. Let l be h(k). Suppose l*p - 14 - 70 = 0. What are the prime factors of p?
3, 7
Let p(k) = 3*k - 12. Let r be p(6). Let j(l) = -13*l - 2*l**2 - 5 + 4*l - r*l. What are the prime factors of j(-6)?
13
Let u be (-2)/(-3)*(-426)/4. Suppose -5*d + 4*d = 4*r + 111, 3*d - 160 = 5*r. Let p = r - u. List the prime factors of p.
2, 3, 7
Suppose 8*u = -4*u + 792. List the prime factors of 1/(-6) - 253/u - -168.
2, 41
Suppose 2*w - 14*w = -4308. What are the prime factors of w?
359
Let l = -16 - -228. What are the prime factors of l?
2, 53
Let h be (8/(-6))/(2/(-6)). Suppose -z + 22 = -k, -5*k + 23 = 4*z - 47. List the prime factors of (36/h)/(12/z).
3, 5
Suppose -9*l + 1946 = -3319. List the prime factors of l.
3, 5, 13
Suppose 3*r - 2*t - 4091 = 0, 3*t = -4*r + 7369 - 1937. List the prime factors of r.
1361
Suppose -402 = 7*l - 3986. What are the prime factors of l?
2
Suppose 0 = -147*q + 156*q - 18765. List the prime factors of q.
3, 5, 139
List the prime factors of (-33)/(-396) - (-26926)/24.
2, 3, 11, 17
Let d(a) = 3*a**2 + 12*a + 16. Let h(u) = -15*u**2 - 61*u - 81. Let t(w) = 11*d(w) + 2*h(w). List the prime factors of t(-7).
7, 13
Suppose 3*p + 12 = 6*p. Suppose -k = 4*c - 561, -p*c = c - 5*k - 695. What are the prime factors of c?
2, 5, 7
Let h = -3552 - -6213. What are the prime factors of h?
3, 887
Let b(j) = -j**3 + 2*j**2 - 6*j + 5. Let z be b(4). List the prime factors of (1 - 0)*(-17)/(z/72).
2, 3
Let d be 3/(-7) - 1689/(-21). Let o = 48 - d. Let y = -18 - o. List the prime factors of y.
2, 7
Let m = 161 - 115. Let f = m - 43. List the prime factors of f.
3
Let y(a) = -a**2 + 2*a + 3. Let d be y(-9). Let o be (d/(-10))/((-2)/10). Let x = o - -109. List the prime factors of x.
61
Let y(r) = 5*r + 16. Let u(v) = v - 1. Let o(p) = -4*u(p) + y(p). Let c be o(0). What are the prime factors of (c - -1) + -2 + -1?
2, 3
Let s(f) = 0 - 1 + f**2 + 16 - 12*f. Let p(u) = -u**3 - 8*u**2 + 8*u + 4. Let v be p(-9). List the prime factors of s(v).
2, 7
Suppose 47*u - 17242 = 22144. What are the prime factors of u?
2, 419
Let c(z) = -z**3 + 40*z**2 + 30*z + 54. List the prime factors of c(40).
2, 3, 11, 19
Let l be -358*((-9)/(-6))/(-3). Let y = l + -106. Suppose -3*t = -3*p - y + 22, -t + 29 = -5*p. List the prime factors of t.
2, 7
Let n = 12 + -20. What are the prime factors of (-374)/n + 2 + (-2)/(-8)?
7
Suppose -4*o + 24 = 4*j, -2*j + 3*o + 0*o + 32 = 0. Let b be 6*(j/4 + 4). Suppose -100 = -3*t - l - b, -4*t + l + 72 = 0. What are the prime factors of t?
19
Suppose -46 = -3*g + 425. What are the prime factors of g?
157
Let u(v) = -7*v**3 - 4*v**2 + 3*v + 2. Let o(p) = 8*p**3 + 5*p**2 - 4*p - 3. Let r(q) = 5*o(q) + 6*u(q). What are the prime factors of r(-3)?
2, 3, 11
Let i = -5 - -10. Suppose 12 = i*h - h. Let f(g) = 5*g + 1. What are the prime factors of f(h)?
2
Let s(w) = 13*w - 18. Let x be s(9). Suppose 4*l - c + 4*c = x, -2*c = l - 21. List the prime factors of l.
3
Suppose -287*n + 294*n - 12649 = 0. What are the prime factors of n?
13, 139
Suppose 2*w - 356 = 5*l, -2*l + l = w + 67. Let c = -29 - l. What are the prime factors of c?
41
Suppose 5*r = -4*g - 1496 - 1149, -g - 5*r - 650 = 0. Let l be (-33)/(-44) - g/4. Suppose 2*j - 3*z = -3*j + l, -3*z = -4*j + 136. List the prime factors of j.
31
Suppose -3*j - 2355 = -8*j - f, 4*j - 1905 = -5*f. What are the prime factors of j?
2, 5, 47
List the prime factors of 24/(-312) - 49506/(-26).
2, 7, 17
Let g = -46 - -50. Suppose t = -0*r - r + 61, g*t + 5*r - 242 = 0. What are the prime factors of t?
3, 7
Let l(c) = 6*c**3 + c**2 + 29*c + 22. List the prime factors of l(6).
2, 191
Suppose -3*v - 57 = -6*v. Let o = v - 13. List the prime factors of (o/12)/((-2)/(-56)).
2, 7
Let h = 9 - 7. Suppose -5*q = -k + 24, h*q = -k - 0*q - 11. List the prime factors of (k - 0 - 1) + 6.
2
Suppose 4*q - 47 = -0*q + 5*t, 5*q + 2*t = 67. Suppose 0 = -0*z + z - q. List the prime factors of z.
13
Let v(i) = 227*i + 101. What are the prime factors of v(13)?
2, 7, 109
Let j(b) = -b**3 + 8*b**2 + 3*b - 10. Let y(s) = 4*s. Let d be y(1). Suppose d = a - 4. List the prime factors of j(a).
2, 7
Let h(d) = d + 1. Let t be h(-2). What are the prime factors of 27 + 4/(t + 0)?
23
Suppose -3*w + 180 = 5*s, s = -w + 5*s + 60. Suppose -2*a = -w - 176. List the prime factors of a.
2, 59
Let w = -1905 + 3729. What are the prime factors of w?
2, 3, 19
Let w = -16 + 21. Suppose -w = 5*h - 125. List the prime factors of 1/4 + 522/h.
2, 11
Let w = 3528 + -753. What are the prime factors of w?
3, 5, 37
Suppose 0 = 2*z - 5*c - 19 - 478, -4*z = c - 1027. List the prime factors of z.
2
Suppose 0 = -3*k - 2*k + 2*k. Suppose j + 2*n - 146 = k, -77 - 68 = -j - n. List the prime factors of j.
2, 3
Let r(l) = 120*l**2 - 16*l + 2. What are the prime factors of r(2)?
2, 3, 5
Let c be (-1178)/(-155)*-20*(1 - 2). Suppose -2*a + 358 = 5*f - 0*a, 2*f - c = -3*a. What are the prime factors of f?
2, 5, 7
What are the prime factors of (2722/2)/(-2 + (-27)/(-9))?
1361
Let q be (1/1 + 0)*2. Let c(i) = -2*i - 3. Let y be c(-3). Suppose 48 = 3*g - y*s, -q*g + 5*s = g - 42. List the prime factors of g.
19
Suppose 5*n - 4*n - 12 = -3*w, 2*w - 8 = 0. Suppose 0 = b + 5*o - 84, n = -b - 2*b - 3*o + 312. List the prime factors of b.
109
Let i be (9 - 4) + -2 + 1. What are the prime factors of (i - (-27)/(-3)) + 87?
2, 41
Let z(f) = -2*f - 7*f**2 + f**2 - 11*f**2 + 2. Let v be z(2). Let w = -45 - v.